{"id":1974,"date":"2024-11-07T17:01:04","date_gmt":"2024-11-07T16:01:04","guid":{"rendered":"https:\/\/nadinelevratto.education\/?page_id=1974"},"modified":"2024-11-07T17:10:37","modified_gmt":"2024-11-07T16:10:37","slug":"mentionslegales-nadinelevratto","status":"publish","type":"page","link":"https:\/\/nadinelevratto.education\/index.php\/mentionslegales-nadinelevratto\/","title":{"rendered":"Mentions L\u00e9gales"},"content":{"rendered":"\t\t<div data-elementor-type=\"wp-page\" data-elementor-id=\"1974\" class=\"elementor elementor-1974\">\n\t\t\t\t<div class=\"elementor-element elementor-element-5c6195fa e-flex e-con-boxed e-con e-parent\" data-id=\"5c6195fa\" data-element_type=\"container\" data-e-type=\"container\">\n\t\t\t\t\t<div class=\"e-con-inner\">\n\t\t\t\t<div class=\"elementor-element elementor-element-332fe21f elementor-widget elementor-widget-spacer\" data-id=\"332fe21f\" data-element_type=\"widget\" data-e-type=\"widget\" data-widget_type=\"spacer.default\">\n\t\t\t\t<div class=\"elementor-widget-container\">\n\t\t\t\t\t\t\t<div class=\"elementor-spacer\">\n\t\t\t<div class=\"elementor-spacer-inner\"><\/div>\n\t\t<\/div>\n\t\t\t\t\t\t<\/div>\n\t\t\t\t<\/div>\n\t\t\t\t<div class=\"elementor-element elementor-element-78ac951a elementor-widget elementor-widget-heading\" data-id=\"78ac951a\" data-element_type=\"widget\" data-e-type=\"widget\" data-widget_type=\"heading.default\">\n\t\t\t\t<div class=\"elementor-widget-container\">\n\t\t\t\t\t<h1 class=\"elementor-heading-title elementor-size-default\">Mentions L\u00e9gales<\/h1>\t\t\t\t<\/div>\n\t\t\t\t<\/div>\n\t\t\t\t<div class=\"elementor-element elementor-element-74a9a3c7 elementor-widget elementor-widget-text-editor\" data-id=\"74a9a3c7\" data-element_type=\"widget\" data-e-type=\"widget\" data-widget_type=\"text-editor.default\">\n\t\t\t\t<div class=\"elementor-widget-container\">\n\t\t\t\t\t\t\t\t\t<p>En vigueur au 07\/11\/2024<\/p><p>Conform\u00e9ment aux dispositions des Articles 6-III et 19 de la Loi n\u00b02004-575 du 21 juin 2004 pour la Confiance dans l\u2019\u00e9conomie num\u00e9rique, dite L.C.E.N., il est port\u00e9 \u00e0 la connaissance des utilisateurs et visiteurs, ci-apr\u00e8s l\u2019Utilisateur\u201d, du site www.nadinelevratto.education, ci-apr\u00e8s le \u201cSite\u201d, les pr\u00e9sentes mentions l\u00e9gales.<\/p><p>La connexion et la navigation sur le Site par l\u2019Utilisateur implique acceptation int\u00e9grale et sans r\u00e9serve des pr\u00e9sentes mentions l\u00e9gales.<\/p><p>Ces derni\u00e8res sont accessibles sur le Site \u00e0 la rubrique \u00ab Mentions l\u00e9gales \u00bb.<\/p><p><b>ARTICLE 1 \u2013 L\u2019EDITEUR<\/b><\/p><p>L\u2019\u00e9dition et la direction de la publication du Site est assur\u00e9e par Nadine Levratto, domicili\u00e9e 200 Av. de la R\u00e9publique 92000 Nanterre,\u00a0ci-apr\u00e8s l\u2019 \u201cEditeur\u201d.<\/p><p><b>ARTICLE 2 \u2013 L\u2019HEBERGEUR<\/b><\/p><p>L\u2019h\u00e9bergeur du Site est la soci\u00e9t\u00e9 OVH, dont le si\u00e8ge social est situ\u00e9 au 2 rue Kellermann \u2013 59100 Roubaix \u2013 France.<\/p><p><b>ARTICLE 3 \u2013 ACCES AU SITE<\/b><\/p><p>Le Site est accessible en tout endroit, 7j\/7, 24h\/24 sauf cas de force majeure, interruption programm\u00e9e ou non et pouvant d\u00e9coulant d\u2019une n\u00e9cessit\u00e9 de maintenance.<\/p><p>En cas de modification, interruption ou suspension du Site, l\u2019Editeur ne saurait \u00eatre tenu responsable.<\/p><p><b>ARTICLE 4 \u2013 COLLECTE DES DONNEES<\/b><\/p><p>Le site est exempt\u00e9 de d\u00e9claration \u00e0 la Commission Nationale Informatique et Libert\u00e9s (CNIL) dans la mesure o\u00f9 il ne collecte aucune donn\u00e9e concernant les utilisateurs.<\/p><p>Toute utilisation, reproduction, diffusion, commercialisation, modification de toute ou partie du Site, sans autorisation de l\u2019Editeur est prohib\u00e9e et pourra entra\u00eener des actions et poursuites judiciaires telles que notamment pr\u00e9vues par le Code de la propri\u00e9t\u00e9 intellectuelle et le Code civil.<\/p>\t\t\t\t\t\t\t\t<\/div>\n\t\t\t\t<\/div>\n\t\t\t\t\t<\/div>\n\t\t\t\t<\/div>\n\t\t\t\t<\/div>\n\t\t","protected":false},"excerpt":{"rendered":"<p>Mentions L\u00e9gales En vigueur au 07\/11\/2024 Conform\u00e9ment aux dispositions des Articles 6-III et 19 de la Loi n\u00b02004-575 du 21 juin 2004 pour la Confiance dans l\u2019\u00e9conomie num\u00e9rique, dite L.C.E.N., il est port\u00e9 \u00e0 la connaissance des utilisateurs et visiteurs, ci-apr\u00e8s l\u2019Utilisateur\u201d, du site www.nadinelevratto.education, ci-apr\u00e8s le \u201cSite\u201d, les pr\u00e9sentes mentions l\u00e9gales. La connexion et [&hellip;]<\/p>\n","protected":false},"author":1,"featured_media":0,"parent":0,"menu_order":0,"comment_status":"closed","ping_status":"closed","template":"","meta":{"footnotes":""},"class_list":["post-1974","page","type-page","status-publish","hentry"],"yoast_head":"<!-- This site is optimized with the Yoast SEO plugin v27.3 - https:\/\/yoast.com\/product\/yoast-seo-wordpress\/ -->\n<title>Mentions L\u00e9gales - Nadine Levratto<\/title>\n<meta name=\"robots\" content=\"index, follow, max-snippet:-1, max-image-preview:large, max-video-preview:-1\" \/>\n<link rel=\"canonical\" href=\"https:\/\/nadinelevratto.education\/index.php\/mentionslegales-nadinelevratto\/\" \/>\n<meta property=\"og:locale\" content=\"fr_FR\" \/>\n<meta property=\"og:type\" content=\"article\" \/>\n<meta property=\"og:title\" content=\"Mentions L\u00e9gales - Nadine Levratto\" \/>\n<meta property=\"og:description\" content=\"Mentions L\u00e9gales En vigueur au 07\/11\/2024 Conform\u00e9ment aux dispositions des Articles 6-III et 19 de la Loi n\u00b02004-575 du 21 juin 2004 pour la Confiance dans l\u2019\u00e9conomie num\u00e9rique, dite L.C.E.N., il est port\u00e9 \u00e0 la connaissance des utilisateurs et visiteurs, ci-apr\u00e8s l\u2019Utilisateur\u201d, du site www.nadinelevratto.education, ci-apr\u00e8s le \u201cSite\u201d, les pr\u00e9sentes mentions l\u00e9gales. La connexion et [&hellip;]\" \/>\n<meta property=\"og:url\" content=\"https:\/\/nadinelevratto.education\/index.php\/mentionslegales-nadinelevratto\/\" \/>\n<meta property=\"og:site_name\" content=\"Nadine Levratto\" \/>\n<meta property=\"article:modified_time\" content=\"2024-11-07T16:10:37+00:00\" \/>\n<meta name=\"twitter:card\" content=\"summary_large_image\" \/>\n<meta name=\"twitter:label1\" content=\"Dur\u00e9e de lecture estim\u00e9e\" \/>\n\t<meta name=\"twitter:data1\" content=\"2 minutes\" \/>\n<script type=\"application\/ld+json\" class=\"yoast-schema-graph\">{\"@context\":\"https:\\\/\\\/schema.org\",\"@graph\":[{\"@type\":\"WebPage\",\"@id\":\"https:\\\/\\\/nadinelevratto.education\\\/index.php\\\/mentionslegales-nadinelevratto\\\/\",\"url\":\"https:\\\/\\\/nadinelevratto.education\\\/index.php\\\/mentionslegales-nadinelevratto\\\/\",\"name\":\"Mentions L\u00e9gales - Nadine Levratto\",\"isPartOf\":{\"@id\":\"https:\\\/\\\/nadinelevratto.education\\\/#website\"},\"datePublished\":\"2024-11-07T16:01:04+00:00\",\"dateModified\":\"2024-11-07T16:10:37+00:00\",\"breadcrumb\":{\"@id\":\"https:\\\/\\\/nadinelevratto.education\\\/index.php\\\/mentionslegales-nadinelevratto\\\/#breadcrumb\"},\"inLanguage\":\"fr-FR\",\"potentialAction\":[{\"@type\":\"ReadAction\",\"target\":[\"https:\\\/\\\/nadinelevratto.education\\\/index.php\\\/mentionslegales-nadinelevratto\\\/\"]}]},{\"@type\":\"BreadcrumbList\",\"@id\":\"https:\\\/\\\/nadinelevratto.education\\\/index.php\\\/mentionslegales-nadinelevratto\\\/#breadcrumb\",\"itemListElement\":[{\"@type\":\"ListItem\",\"position\":1,\"name\":\"Accueil\",\"item\":\"https:\\\/\\\/nadinelevratto.education\\\/index.php\\\/en\\\/home\\\/\"},{\"@type\":\"ListItem\",\"position\":2,\"name\":\"Mentions L\u00e9gales\"}]},{\"@type\":\"WebSite\",\"@id\":\"https:\\\/\\\/nadinelevratto.education\\\/#website\",\"url\":\"https:\\\/\\\/nadinelevratto.education\\\/\",\"name\":\"Nadine Levratto\",\"description\":\"\",\"publisher\":{\"@id\":\"https:\\\/\\\/nadinelevratto.education\\\/#organization\"},\"potentialAction\":[{\"@type\":\"SearchAction\",\"target\":{\"@type\":\"EntryPoint\",\"urlTemplate\":\"https:\\\/\\\/nadinelevratto.education\\\/?s={search_term_string}\"},\"query-input\":{\"@type\":\"PropertyValueSpecification\",\"valueRequired\":true,\"valueName\":\"search_term_string\"}}],\"inLanguage\":\"fr-FR\"},{\"@type\":\"Organization\",\"@id\":\"https:\\\/\\\/nadinelevratto.education\\\/#organization\",\"name\":\"Nadine Levratto\",\"url\":\"https:\\\/\\\/nadinelevratto.education\\\/\",\"logo\":{\"@type\":\"ImageObject\",\"inLanguage\":\"fr-FR\",\"@id\":\"https:\\\/\\\/nadinelevratto.education\\\/#\\\/schema\\\/logo\\\/image\\\/\",\"url\":\"https:\\\/\\\/nadinelevratto.education\\\/wp-content\\\/uploads\\\/2024\\\/07\\\/cropped-cropped-NADINE-LEVRATTO-fav-v3.png\",\"contentUrl\":\"https:\\\/\\\/nadinelevratto.education\\\/wp-content\\\/uploads\\\/2024\\\/07\\\/cropped-cropped-NADINE-LEVRATTO-fav-v3.png\",\"width\":512,\"height\":512,\"caption\":\"Nadine Levratto\"},\"image\":{\"@id\":\"https:\\\/\\\/nadinelevratto.education\\\/#\\\/schema\\\/logo\\\/image\\\/\"}}]}<\/script>\n<!-- \/ Yoast SEO plugin. -->","yoast_head_json":{"title":"Mentions L\u00e9gales - Nadine Levratto","robots":{"index":"index","follow":"follow","max-snippet":"max-snippet:-1","max-image-preview":"max-image-preview:large","max-video-preview":"max-video-preview:-1"},"canonical":"https:\/\/nadinelevratto.education\/index.php\/mentionslegales-nadinelevratto\/","og_locale":"fr_FR","og_type":"article","og_title":"Mentions L\u00e9gales - Nadine Levratto","og_description":"Mentions L\u00e9gales En vigueur au 07\/11\/2024 Conform\u00e9ment aux dispositions des Articles 6-III et 19 de la Loi n\u00b02004-575 du 21 juin 2004 pour la Confiance dans l\u2019\u00e9conomie num\u00e9rique, dite L.C.E.N., il est port\u00e9 \u00e0 la connaissance des utilisateurs et visiteurs, ci-apr\u00e8s l\u2019Utilisateur\u201d, du site www.nadinelevratto.education, ci-apr\u00e8s le \u201cSite\u201d, les pr\u00e9sentes mentions l\u00e9gales. La connexion et [&hellip;]","og_url":"https:\/\/nadinelevratto.education\/index.php\/mentionslegales-nadinelevratto\/","og_site_name":"Nadine Levratto","article_modified_time":"2024-11-07T16:10:37+00:00","twitter_card":"summary_large_image","twitter_misc":{"Dur\u00e9e de lecture estim\u00e9e":"2 minutes"},"schema":{"@context":"https:\/\/schema.org","@graph":[{"@type":"WebPage","@id":"https:\/\/nadinelevratto.education\/index.php\/mentionslegales-nadinelevratto\/","url":"https:\/\/nadinelevratto.education\/index.php\/mentionslegales-nadinelevratto\/","name":"Mentions L\u00e9gales - Nadine Levratto","isPartOf":{"@id":"https:\/\/nadinelevratto.education\/#website"},"datePublished":"2024-11-07T16:01:04+00:00","dateModified":"2024-11-07T16:10:37+00:00","breadcrumb":{"@id":"https:\/\/nadinelevratto.education\/index.php\/mentionslegales-nadinelevratto\/#breadcrumb"},"inLanguage":"fr-FR","potentialAction":[{"@type":"ReadAction","target":["https:\/\/nadinelevratto.education\/index.php\/mentionslegales-nadinelevratto\/"]}]},{"@type":"BreadcrumbList","@id":"https:\/\/nadinelevratto.education\/index.php\/mentionslegales-nadinelevratto\/#breadcrumb","itemListElement":[{"@type":"ListItem","position":1,"name":"Accueil","item":"https:\/\/nadinelevratto.education\/index.php\/en\/home\/"},{"@type":"ListItem","position":2,"name":"Mentions L\u00e9gales"}]},{"@type":"WebSite","@id":"https:\/\/nadinelevratto.education\/#website","url":"https:\/\/nadinelevratto.education\/","name":"Nadine Levratto","description":"","publisher":{"@id":"https:\/\/nadinelevratto.education\/#organization"},"potentialAction":[{"@type":"SearchAction","target":{"@type":"EntryPoint","urlTemplate":"https:\/\/nadinelevratto.education\/?s={search_term_string}"},"query-input":{"@type":"PropertyValueSpecification","valueRequired":true,"valueName":"search_term_string"}}],"inLanguage":"fr-FR"},{"@type":"Organization","@id":"https:\/\/nadinelevratto.education\/#organization","name":"Nadine Levratto","url":"https:\/\/nadinelevratto.education\/","logo":{"@type":"ImageObject","inLanguage":"fr-FR","@id":"https:\/\/nadinelevratto.education\/#\/schema\/logo\/image\/","url":"https:\/\/nadinelevratto.education\/wp-content\/uploads\/2024\/07\/cropped-cropped-NADINE-LEVRATTO-fav-v3.png","contentUrl":"https:\/\/nadinelevratto.education\/wp-content\/uploads\/2024\/07\/cropped-cropped-NADINE-LEVRATTO-fav-v3.png","width":512,"height":512,"caption":"Nadine Levratto"},"image":{"@id":"https:\/\/nadinelevratto.education\/#\/schema\/logo\/image\/"}}]}},"_links":{"self":[{"href":"https:\/\/nadinelevratto.education\/index.php\/wp-json\/wp\/v2\/pages\/1974","targetHints":{"allow":["GET"]}}],"collection":[{"href":"https:\/\/nadinelevratto.education\/index.php\/wp-json\/wp\/v2\/pages"}],"about":[{"href":"https:\/\/nadinelevratto.education\/index.php\/wp-json\/wp\/v2\/types\/page"}],"author":[{"embeddable":true,"href":"https:\/\/nadinelevratto.education\/index.php\/wp-json\/wp\/v2\/users\/1"}],"replies":[{"embeddable":true,"href":"https:\/\/nadinelevratto.education\/index.php\/wp-json\/wp\/v2\/comments?post=1974"}],"version-history":[{"count":8,"href":"https:\/\/nadinelevratto.education\/index.php\/wp-json\/wp\/v2\/pages\/1974\/revisions"}],"predecessor-version":[{"id":1984,"href":"https:\/\/nadinelevratto.education\/index.php\/wp-json\/wp\/v2\/pages\/1974\/revisions\/1984"}],"wp:attachment":[{"href":"https:\/\/nadinelevratto.education\/index.php\/wp-json\/wp\/v2\/media?parent=1974"}],"curies":[{"name":"wp","href":"https:\/\/api.w.org\/{rel}","templated":true}]}}